en 146 is divided by 50.
46
Calculate the remainder when 193 is divided by 8.
1
Calculate the remainder when 26 is divided by 7.
5
Calculate the remainder when 414 is divided by 203.
8
What is the remainder when 2847 is divided by 922?
81
What is the remainder when 1301 is divided by 644?
13
Calculate the remainder when 249 is divided by 63.
60
What is the remainder when 49 is divided by 12?
1
Calculate the remainder when 779 is divided by 30.
29
Calculate the remainder when 385 is divided by 65.
60
What is the remainder when 639 is divided by 40?
39
Calculate the remainder when 1357 is divided by 62.
55
Calculate the remainder when 518 is divided by 9.
5
Calculate the remainder when 610 is divided by 211.
188
What is the remainder when 741 is divided by 44?
37
What is the remainder when 787 is divided by 50?
37
What is the remainder when 166 is divided by 76?
14
What is the remainder when 338 is divided by 9?
5
Calculate the remainder when 826 is divided by 826.
0
Calculate the remainder when 610 is divided by 154.
148
What is the remainder when 64 is divided by 6?
4
Calculate the remainder when 1533 is divided by 171.
165
Calculate the remainder when 246 is divided by 47.
11
What is the remainder when 165 is divided by 148?
17
Calculate the remainder when 9998 is divided by 99.
98
What is the remainder when 134 is divided by 58?
18
What is the remainder when 4883 is divided by 132?
131
What is the remainder when 301 is divided by 22?
15
Calculate the remainder when 190 is divided by 30.
10
Calculate the remainder when 13 is divided by 5.
3
What is the remainder when 10148 is divided by 25?
23
What is the remainder when 5174 is divided by 25?
24
Calculate the remainder when 766 is divided by 77.
73
Calculate the remainder when 779 is divided by 78.
77
What is the remainder when 12383 is divided by 14?
7
What is the remainder when 165 is divided by 112?
53
Calculate the remainder when 354 is divided by 7.
4
Calculate the remainder when 1108 is divided by 637.
471
What is the remainder when 2641 is divided by 31?
6
Calculate the remainder when 355 is divided by 27.
4
What is the remainder when 913 is divided by 15?
13
What is the remainder when 3693 is divided by 21?
18
What is the remainder when 171 is divided by 27?
9
What is the remainder when 573 is divided by 105?
48
What is the remainder when 440 is divided by 27?
8
What is the remainder when 162 is divided by 33?
30
What is the remainder when 98 is divided by 24?
2
Calculate the remainder when 639 is divided by 222.
195
What is the remainder when 232 is divided by 40?
32
What is the remainder when 7618 is divided by 162?
4
What is the remainder when 2102 is divided by 60?
2
Calculate the remainder when 939 is divided by 94.
93
Calculate the remainder when 67 is divided by 25.
17
What is the remainder when 23 is divided by 13?
10
What is the remainder when 22934 is divided by 139?
138
Calculate the remainder when 454 is divided by 93.
82
Calculate the remainder when 773 is divided by 156.
149
Calculate the remainder when 1411 is divided by 237.
226
Calculate the remainder when 296 is divided by 28.
16
Calculate the remainder when 17 is divided by 16.
1
What is the remainder when 37 is divided by 7?
2
What is the remainder when 438 is divided by 40?
38
Calculate the remainder when 333 is divided by 24.
21
What is the remainder when 97 is divided by 21?
13
What is the remainder when 228 is divided by 59?
51
What is the remainder when 203 is divided by 23?
19
Calculate the remainder when 198 is divided by 52.
42
What is the remainder when 342 is divided by 83?
10
What is the remainder when 159 is divided by 158?
1
Calculate the remainder when 2039 is divided by 85.
84
What is the remainder when 6590 is divided by 24?
14
Calculate the remainder when 160 is divided by 22.
6
Calculate the remainder when 76 is divided by 48.
28
Calculate the remainder when 1308 is divided by 57.
54
What is the remainder when 26 is divided by 16?
10
Calculate the remainder when 168 is divided by 47.
27
What is the remainder when 1810 is divided by 49?
46
What is the remainder when 251 is divided by 53?
39
What is the remainder when 86 is divided by 16?
6
What is the remainder when 170 is divided by 6?
2
What is the remainder when 972 is divided by 39?
36
What is the remainder when 242 is divided by 102?
38
Calculate the remainder when 231 is divided by 79.
73
What is the remainder when 357 is divided by 103?
48
Calculate the remainder when 676 is divided by 99.
82
What is the remainder when 1695 is divided by 68?
63
What is the remainder when 115 is divided by 80?
35
Calculate the remainder when 118 is divided by 7.
6
What is the remainder when 136 is divided by 13?
6
What is the remainder when 286 is divided by 30?
16
Calculate the remainder when 30 is divided by 12.
6
What is the remainder when 1014 is divided by 43?
25
What is the remainder when 494 is divided by 124?
122
What is the remainder when 627 is divided by 134?
91
What is the remainder when 378 is divided by 33?
15
What is the remainder when 310 is divided by 25?
10
What is the remainder when 47 is divided by 18?
11
What is the remainder when 1774 is divided by 138?
118
Calculate the remainder when 1882 is divided by 1866.
16
What is the remainder when 6458 is divided by 95?
93
Calculate the remainder when 298 is divided by 75.
73
What is the remainder when 681 is divided by 48?
9
Calculate the remainder when 409 is divided by 66.
13
Calculate the remainder when 1969 is divided by 52.
45
What is the remainder when 304 is divided by 59?
9
Calculate the remainder when 243 is divided by 51.
39
What is the remainder when 433 is divided by 211?
11
What is the remainder when 1124 is divided by 94?
90
What is the remainder when 321 is divided by 13?
9
Calculate the remainder when 130 is divided by 44.
42
Calculate the remainder when 838 is divided by 4.
2
What is the remainder when 4917 is divided by 976?
37
What is the remainder when 221 is divided by 45?
41
Calculate the remainder when 196 is divided by 54.
34
What is the remainder when 231 is divided by 42?
21
What is the remainder when 322 is divided by 97?
31
What is the remainder when 22150 is divided by 7383?
1
What is the remainder when 76 is divided by 57?
19
Calculate the remainder when 299 is divided by 132.
35
What is the remainder when 235 is divided by 17?
14
Calculate the remainder when 526 is divided by 34.
16
Calculate the remainder when 8718 is divided by 49.
45
What is the remainder when 182 is divided by 115?
67
Calculate the remainder when 264 is divided by 53.
52
Calculate the remainder when 53 is divided by 22.
9
What is the remainder when 1544 is divided by 51?
14
Calculate the remainder when 236 is divided by 43.
21
What is the remainder when 387 is divided by 164?
59
What is the remainder when 644 is divided by 164?
152
What is the remainder when 267 is divided by 66?
3
Calculate the remainder when 466 is divided by 67.
64
What is the remainder when 334 is divided by 19?
11
Calculate the remainder when 128 is divided by 71.
57
What is the remainder when 234 is divided by 230?
4
Calculate the remainder when 45 is divided by 14.
3
What is the remainder when 134 is divided by 46?
42
Calculate the remainder when 526 is divided by 10.
6
Calculate the remainder when 1124 is divided by 23.
20
Calculate the remainder when 1069 is divided by 11.
2
What is the remainder when 2430 is divided by 38?
36
What is the remainder when 304 is divided by 72?
16
Calculate the remainder when 45 is divided by 3.
0
Calculate the remainder when 129 is divided by 66.
63
Calculate the remainder when 6540 is divided by 234.
222
Calculate the remainder when 853 is divided by 86.
79
Calculate the remainder when 326 is divided by 10.
6
What is the remainder when 405 is divided by 8?
5
What is the remainder when 3187 is divided by 76?
71
Calculate the remainder when 309 is divided by 77.
1
What is the remainder when 15 is divided by 11?
4
Calculate the remainder when 116 is divided by 6.
2
Calculate the remainder when 80 is divided by 15.
5
What is the remainder when 12168 is divided by 34?
30
What is the remainder when 739 is divided by 83?
75
Calculate the remainder when 28940 is divided by 8.
4
Calculate 